ommon factor of d and 132.
33
Let v = 273 - 267. What is the greatest common factor of v and 21?
3
Let h = -61 + 124. Suppose 5*y - 20 + 5 = 0. Suppose 0 = y*b + 2*b - 45. Calculate the greatest common factor of b and h.
9
Let x be (82 - -3) + 1 - -4. Let w be ((-189)/(-14))/((-6)/(-8)). What is the highest common factor of w and x?
18
Let g = 266 - 221. What is the highest common divisor of g and 210?
15
Let p(z) = 10*z + 2. Let k be p(2). Calculate the greatest common factor of 770 and k.
22
Let p(d) = d**2 - d - 10. Let y = -48 + 55. Let q be p(y). Calculate the greatest common factor of 288 and q.
32
Let k = 1261 - 1117. What is the highest common factor of k and 400?
16
Let q = -28 - -58. Let z(d) = d**3 + 8*d**2 - 2*d + 3. Let g be z(-4). What is the greatest common factor of q and g?
15
Let i = 15 - 12. Let t be 6 - (i/(-3))/(-1). Suppose -2*s + 7 + 7 = v, -t = -5*v + 3*s. Calculate the greatest common divisor of 6 and v.
2
Let r be 6*4/6 - -1. Suppose 6*p - 8*p = -10. Calculate the highest common factor of p and r.
5
Let x(f) = f - 22*f - 4*f**2 - 29*f**3 + 30*f**3 + 8. Let s be x(9). What is the highest common factor of s and 28?
28
Suppose 206 = -2*p + 220. What is the highest common divisor of p and 49?
7
Let j(q) be the third derivative of q**6/120 + q**5/15 - q**4/8 + 5*q**3/6 - 19*q**2. Let k be j(-4). What is the greatest common divisor of k and 34?
17
Let o(f) = -10*f**3 - 2*f**2 - f + 2. Let g be o(-2). Let z(v) = 173*v + 3479. Let j be z(-20). Calculate the greatest common divisor of g and j.
19
Let u(y) = -3*y + 2*y + 9 - 1. Let g be u(7). Let d(k) = -k + 10. Let x be d(9). What is the highest common divisor of x and g?
1
Let w(g) = 16*g**3 - 2*g**2 + g. Let j be w(1). Let q be (5 + 1)/((-11)/(-55)). Suppose -16*d + 14*d + q = 0. Calculate the highest common factor of d and j.
15
Suppose -2*u = 43 - 13. Let r be (-30)/50 + (-1809)/u. Calculate the highest common divisor of r and 24.
24
Let i = 40 + -38. Let a = -180 + 182. Calculate the greatest common factor of a and i.
2
Let c(g) = 22*g - 8. Let n be c(12). Let d = n - 176. Calculate the greatest common divisor of d and 16.
16
Let r(l) = 2*l + 4. Let c be r(3). Suppose -5*y + 3*p = 69, -5*p - 40 = -3*y + 5*y. Let v = y - -30. What is the greatest common divisor of c and v?
5
Let w be 208/3 - (-66)/99. What is the greatest common factor of w and 14?
14
Let x(z) = z + 2*z + 4*z - 2*z - 5. Let f be x(5). Calculate the greatest common factor of f and 50.
10
Suppose -19*u - 2346 = -53*u. What is the highest common factor of u and 115?
23
Let l(u) = u**3 - 11*u**2 + 2*u - 15. Let h(r) = -4*r - 13. Let j be h(-6). Let i be l(j). Let w = i - 4. What is the highest common factor of w and 24?
3
Let a(b) = -b - 2. Let c be a(-4). Suppose 3*w = 3*h + 147, -9*w = -4*w + c*h - 252. Suppose -4*j + 21 = -19. Calculate the highest common factor of w and j.
10
Let n be ((-22)/5)/((-47)/470). Calculate the greatest common divisor of n and 550.
22
Let d(y) = -3 + 4*y - 3 - 2 + 0*y. Let u be d(4). Calculate the greatest common factor of u and 64.
8
Let a be (-90)/(-20)*20/6. Calculate the greatest common factor of 114 and a.
3
Let y be 36/(-8)*(-2)/3. Let a(w) = -w**y + 7*w**2 - w**2 + 4 + 2*w - w**2 - w**2. Let x be a(4). Calculate the greatest common divisor of x and 132.
12
Let k be (0 - -1)/(-2 - 45/(-20)). Suppose -5*n = -5*r - k + 124, -4*n - 116 = -5*r. What is the greatest common divisor of 140 and r?
20
Suppose -10*v + 15*v = 45. Let a = v + -19. Let f = a + 27. Calculate the greatest common divisor of f and 187.
17
Let k(l) = 26*l**2 + 2*l - 1. Let s be k(1). Suppose 96 - 42 = 3*h. Calculate the greatest common divisor of h and s.
9
Suppose -4*v - 12 = 24. Let n = 65 + v. Calculate the highest common divisor of 8 and n.
8
Let m be 100 + -2*25/(-10). What is the greatest common factor of 45 and m?
15
Suppose -2*w = 5*l + 2*w, 3*l + 4*w - 8 = 0. Let c(d) = -3*d**3 - 5*d**2 - 3*d + 6. Let g be c(l). Calculate the highest common factor of g and 10.
10
Suppose -s - 4*s - 5*p = -1445, 0 = -2*s - p + 574. Suppose 11*b - 6*b - s = 0. Let h = b + -9. Calculate the highest common divisor of 6 and h.
6
Let x be ((2 - -1) + -1)*-1. Let w be 85/(x/(-1) + -1). Let r(z) = z**3 + 7. Let m be r(3). Calculate the greatest common factor of w and m.
17
Let z = 22 - 6. Let y be 2 + (-2 - -6) + 2. Calculate the highest common divisor of z and y.
8
Suppose 4 = -0*s - 5*s - 3*i, -2*s + 4*i = 12. Let p be (2 + -34)*1/s. Let j = -377 + 441. Calculate the highest common divisor of p and j.
16
Suppose -b + 5 = -4. Suppose 0 = -2*t + b - 7. Calculate the greatest common factor of t and 1.
1
Let m(w) = -6*w - 2. Let d be m(-2). Suppose 2*n + 4 = 0, 2*n + 3 = 4*f - 241. Suppose -f = -2*a - a. Calculate the highest common factor of a and d.
10
Suppose 112 = 5*n - a - 11, -3*n - a + 77 = 0. Calculate the highest common factor of n and 225.
25
Let u be 16/(-4) - (-2)/((-4)/(-18)). Let k(v) = -v**3 + 4*v**2 + 4*v + 14. Let n be k(u). What is the greatest common divisor of n and 99?
9
Let u(b) = 25*b**2 + 2*b + 1. Suppose 2*k = 4 - 0. Let t be u(k). Let c be 22*(2 - 1) + -1. Calculate the greatest common divisor of t and c.
21
Let b = 29 + 12. Let z = b + -35. Calculate the greatest common factor of 24 and z.
6
Suppose -2*g - 40 = -u + 3*g, 0 = 2*u - 3*g - 59. Suppose -3*k + 15 = 0, 3*k + u - 64 = -d. Calculate the greatest common factor of 6 and d.
6
Let w(r) = -17*r - 5. Let n be w(-1). Calculate the greatest common factor of 384 and n.
12
Let m be (1 + -2)/(49/(-98)). Calculate the greatest common factor of m and 74.
2
Let h be (-7735)/(-26)*16/10. What is the highest common factor of h and 68?
68
Let x = -68 - -72. Suppose -3*c + 518 = -5*n, c - 166 = -n - x*n. What is the greatest common divisor of 19 and c?
19
Let s = -53 - -56. What is the greatest common factor of 1 and s?
1
Let v be (72/20)/(2/40). Suppose -17*a + 21*a - v = 0. Suppose -20*r + 238 = -a*r. What is the greatest common factor of r and 17?
17
Let k(z) = -z**3 - 6*z**2 - 3*z - 2. Let c be k(-6). Let u be ((-36)/c)/((-2)/8). Let y = 152 - 107. What is the highest common factor of y and u?
9
Suppose 2*b = -b - 5*q + 3, 0 = -2*b + q + 15. Suppose -442 = -5*n - 0*c + 4*c, -3*n = -4*c - 262. Calculate the highest common factor of n and b.
6
Let z(f) = -2*f - 4. Let u be z(-8). Suppose -o = 3*o - u. Suppose k = -4*k - 5*w + 50, o*k = -w + 38. What is the highest common factor of 28 and k?
14
Suppose 0 = 21*a + 18*a - 23088. Calculate the greatest common factor of 37 and a.
37
Let h = -863 - -1853. What is the highest common factor of 33 and h?
33
Let b(n) = n**3 - n**2 - n + 15. Let r = 4 + 1. Let a = -5 + r. Let c be b(a). What is the highest common divisor of 3 and c?
3
Let z be (126/3)/((-21)/(-154)). Let a(b) = b + 51. Let m be a(-7). What is the highest common divisor of z and m?
44
Suppose -r = -13 - 7. Let m = -18 + r. Suppose -m*x - x + 96 = 0. Calculate the highest common divisor of x and 48.
16
Suppose -10*o + 14618 + 21132 = 0. Calculate the highest common factor of o and 143.
143
Suppose -t + 30 = 12. Calculate the highest common divisor of t and 81.
9
Suppose 33*z - 616 = 29*z. Calculate the greatest common factor of z and 14.
14
Let v(a) = a**2 + 2*a - 21. Let l = -6 + 36. Let o = -39 + l. Let i be v(o). Calculate the greatest common divisor of i and 14.
14
Suppose -17*k = -37*k + 11520. What is the highest common factor of 108 and k?
36
Let g be (1 - 9/(-6))/((-6)/(-204)). Calculate the greatest common divisor of 5 and g.
5
Let f(m) = -m**3 + 5*m**2 + 9*m - 9. Let x be f(6). Suppose -3*j = -4*j. Suppose 2*i + 0*i - 18 = j. Calculate the greatest common divisor of x and i.
9
Let g be (1*7)/((-2)/(-10)). Let d be 7 - (-5)/10*-4. Calculate the greatest common divisor of d and g.
5
Suppose 612 = -803*z + 806*z. Calculate the greatest common factor of z and 12.
12
Let f be 4/1 - (92 - 27). Let v = f + 76. Calculate the greatest common divisor of v and 15.
15
Suppose 2*p + 0*p - 166 = -4*k, -124 = -3*k - p. What is the greatest common divisor of 164 and k?
41
Let h(i) = 19*i**2 + 40*i - 154. Let n be h(4). Calculate the highest common factor of 62 and n.
62
Let b(a) = a + 125 - 54 + 79. Let l be b(0). What is the greatest common divisor of 